1
Calculate the remainder when 15288183 is divided by 41.
21
What is the remainder when 953186 is divided by 190626?
56
What is the remainder when 57342260 is divided by 6125?
10
What is the remainder when 733122 is divided by 575?
572
Calculate the remainder when 746131 is divided by 2618.
1
Calculate the remainder when 3133116 is divided by 324.
36
Calculate the remainder when 11803481 is divided by 149.
148
What is the remainder when 478784 is divided by 33?
20
What is the remainder when 11051203 is divided by 10?
3
Calculate the remainder when 123163679 is divided by 59.
58
What is the remainder when 9755063 is divided by 487753?
3
Calculate the remainder when 1228131 is divided by 104.
99
What is the remainder when 168582 is divided by 1586?
466
Calculate the remainder when 436579 is divided by 148.
127
Calculate the remainder when 104710168 is divided by 34903388.
4
What is the remainder when 1876789 is divided by 821?
804
Calculate the remainder when 1063016 is divided by 516.
56
Calculate the remainder when 85238952 is divided by 227.
225
What is the remainder when 3092239 is divided by 1030738?
25
Calculate the remainder when 44954679 is divided by 4318.
4299
Calculate the remainder when 1873612 is divided by 1034.
4
Calculate the remainder when 7279111 is divided by 1819775.
11
What is the remainder when 3034082 is divided by 130?
12
What is the remainder when 1585440 is divided by 329?
318
What is the remainder when 2299372 is divided by 20715?
7
Calculate the remainder when 13827022 is divided by 173.
170
Calculate the remainder when 9461262 is divided by 533.
512
What is the remainder when 25795 is divided by 8458?
421
What is the remainder when 100704 is divided by 2908?
1832
What is the remainder when 5816 is divided by 5577?
239
What is the remainder when 1282840 is divided by 20980?
3060
Calculate the remainder when 1234824 is divided by 205803.
6
Calculate the remainder when 8521430 is divided by 197.
195
What is the remainder when 42864842 is divided by 19?
6
Calculate the remainder when 16724282 is divided by 18.
14
Calculate the remainder when 14588587 is divided by 29.
21
Calculate the remainder when 445134 is divided by 871.
53
What is the remainder when 57404 is divided by 1379?
865
What is the remainder when 10810160 is divided by 47?
19
What is the remainder when 143207 is divided by 162?
161
Calculate the remainder when 118544125 is divided by 256.
253
What is the remainder when 1392179 is divided by 34?
15
What is the remainder when 66875 is divided by 870?
755
Calculate the remainder when 4012803 is divided by 1003198.
11
What is the remainder when 7212876 is divided by 68046?
0
Calculate the remainder when 39495 is divided by 13077.
264
What is the remainder when 763460 is divided by 23135?
5
What is the remainder when 874887035 is divided by 12?
11
What is the remainder when 311717 is divided by 1667?
1655
Calculate the remainder when 34515 is divided by 2012.
311
What is the remainder when 1835203 is divided by 13015?
88
What is the remainder when 108530188 is divided by 50?
38
Calculate the remainder when 11760719 is divided by 40.
39
Calculate the remainder when 368679 is divided by 169.
90
What is the remainder when 135242251 is divided by 161?
158
What is the remainder when 22853 is divided by 55?
28
What is the remainder when 1038541 is divided by 1803?
13
What is the remainder when 50413192 is divided by 3933?
3931
What is the remainder when 5375915 is divided by 1791971?
2
What is the remainder when 111097 is divided by 4860?
4177
Calculate the remainder when 7183826 is divided by 2121.
2120
What is the remainder when 449706 is divided by 223609?
2488
What is the remainder when 2189879 is divided by 751?
714
Calculate the remainder when 106385 is divided by 21267.
50
Calculate the remainder when 169712 is divided by 385.
312
What is the remainder when 1115703 is divided by 30990?
63
Calculate the remainder when 6017433 is divided by 2005794.
51
Calculate the remainder when 9054096 is divided by 9054053.
43
What is the remainder when 544228 is divided by 132?
124
What is the remainder when 10067444 is divided by 10067367?
77
Calculate the remainder when 11153737 is divided by 2788419.
61
What is the remainder when 12445589 is divided by 592647?
2
Calculate the remainder when 15635195 is divided by 22.
15
Calculate the remainder when 8146861 is divided by 3293.
3272
Calculate the remainder when 6456363 is divided by 86.
85
Calculate the remainder when 759258 is divided by 183.
174
Calculate the remainder when 175832 is divided by 309.
11
What is the remainder when 26627 is divided by 8716?
479
What is the remainder when 47303 is divided by 1652?
1047
Calculate the remainder when 660435 is divided by 326.
285
Calculate the remainder when 2102957 is divided by 1835.
47
Calculate the remainder when 50563206 is divided by 55.
1
Calculate the remainder when 523149 is divided by 378.
375
Calculate the remainder when 95869 is divided by 6440.
5709
Calculate the remainder when 7847286 is divided by 131.
124
What is the remainder when 7573503 is divided by 1262250?
3
Calculate the remainder when 38918 is divided by 192.
134
What is the remainder when 528673 is divided by 3477?
169
What is the remainder when 464070 is divided by 2602?
914
What is the remainder when 202889 is divided by 202588?
301
Calculate the remainder when 1242381 is divided by 257.
43
Calculate the remainder when 66345030 is divided by 7040.
70
Calculate the remainder when 159588323 is divided by 473.
15
Calculate the remainder when 30651757 is divided by 10217251.
4
Calculate the remainder when 30500 is divided by 2652.
1328
Calculate the remainder when 1523595 is divided by 295.
215
Calculate the remainder when 4390906 is divided by 14028.
142
Calculate the remainder when 137448 is divided by 137434.
14
Calculate the remainder when 733696 is divided by 1150.
1146
What is the remainder when 30150257 is divided by 166576?
1
Calculate the remainder when 147809 is divided by 760.
369
What is the remainder when 28006181 is divided by 2333847?
17
What is the remainder when 328713 is divided by 2315?
2298
Calculate the remainder when 34766819 is divided by 34.
17
Calculate the remainder when 51223249 is divided by 153363.
7
Calculate the remainder when 28731647 is divided by 16.
15
What is the remainder when 120864412 is divided by 667?
10
What is the remainder when 15856278 is divided by 45?
33
Calculate the remainder when 28784093 is divided by 425.
118
What is the remainder when 385438 is divided by 890?
68
What is the remainder when 715531 is divided by 464?
43
Calculate the remainder when 64025164 is divided by 69.
64
Calculate the remainder when 968143 is divided by 307.
172
What is the remainder when 168565381 is divided by 31?
29
Calculate the remainder when 297593 is divided by 388.
385
What is the remainder when 1489456 is divided by 17945?
21
What is the remainder when 4301241 is divided by 47?
36
What is the remainder when 3793341 is divided by 157?
64
What is the remainder when 212618 is divided by 53153?
6
What is the remainder when 11354363 is divided by 2697?
2690
What is the remainder when 5519 is divided by 879?
245
Calculate the remainder when 30087448 is divided by 15043715.
18
Calculate the remainder when 166982702 is divided by 166982693.
9
What is the remainder when 4574498 is divided by 688?
674
What is the remainder when 13317622 is divided by 11998?
11840
Calculate the remainder when 1750150 is divided by 583352.
94
What is the remainder when 7858979 is divided by 327454?
83
What is the remainder when 1228365736 is divided by 20?
16
What is the remainder when 444483785 is divided by 82?
79
What is the remainder when 153846 is divided by 9540?
1206
Calculate the remainder when 2699103 is divided by 43.
36
What is the remainder when 410650 is divided by 160?
90
What is the remainder when 602801 is divided by 200448?
1457
Calculate the remainder when 116933 is divided by 7524.
4073
Calculate the remainder when 156608279 is divided by 32.
23
Calculate the remainder when 5035881 is divided by 16192.
169
What is the remainder when 176644 is divided by 259?
6
Calculate the remainder when 656209 is divided by 151.
114
What is th